{"id":6125,"date":"2024-09-10T14:43:36","date_gmt":"2024-09-10T12:43:36","guid":{"rendered":"https:\/\/www.skk-soest.de\/?page_id=6125"},"modified":"2024-09-21T13:09:13","modified_gmt":"2024-09-21T11:09:13","slug":"3d-heiner-thiel","status":"publish","type":"page","link":"https:\/\/www.skk-soest.de\/en\/3d-wegweisende-plastik-der-konkreten-gegenwart\/3d-heiner-thiel\/","title":{"rendered":"HEINER THIEL"},"content":{"rendered":"<div class=\"wp-block-image\">\n<figure class=\"alignright size-large is-resized\"><img loading=\"lazy\" decoding=\"async\" width=\"1024\" height=\"818\" src=\"https:\/\/www.skk-soest.de\/wp-content\/uploads\/Thiel-wvz773_4C-02-web-1024x818.jpg\" alt=\"\" class=\"wp-image-5988\" style=\"width:350px\" srcset=\"https:\/\/www.skk-soest.de\/wp-content\/uploads\/Thiel-wvz773_4C-02-web-1024x818.jpg 1024w, https:\/\/www.skk-soest.de\/wp-content\/uploads\/Thiel-wvz773_4C-02-web-300x240.jpg 300w, https:\/\/www.skk-soest.de\/wp-content\/uploads\/Thiel-wvz773_4C-02-web-768x614.jpg 768w, https:\/\/www.skk-soest.de\/wp-content\/uploads\/Thiel-wvz773_4C-02-web-375x300.jpg 375w, https:\/\/www.skk-soest.de\/wp-content\/uploads\/Thiel-wvz773_4C-02-web-250x200.jpg 250w, https:\/\/www.skk-soest.de\/wp-content\/uploads\/Thiel-wvz773_4C-02-web.jpg 1478w\" sizes=\"auto, (max-width: 1024px) 100vw, 1024px\" \/><figcaption class=\"wp-element-caption\">o. T., wvz773 | 2023 | Aluminium, eloxiert (gelb) | 50 x 74 x 13 cm<\/figcaption><\/figure>\n<\/div>\n\n\n<p>Unsere Vorstellung von Raum ist wesentlich beeinflusst durch unsere Vor- stellung von Fl\u00e4che und umgekehrt; d.h. Fl\u00e4che und Raum definieren sich gegenseitig, sind losgel\u00f6st voneinander nicht vorstellbar.<br>Hinzu kommen Licht und Farbe, die unsere Wahrnehmung emotional auf- laden und herausfordern.<\/p>\n\n\n\n<p>In meiner k\u00fcnstlerischen Arbeit interessiert mich besonders der \u00abGrenzbe- reich\u00bb zwischen Fl\u00e4che, Raum und Farbe: Wann wird eine Fl\u00e4che \u201er\u00e4umlich\u201c und wann ein K\u00f6rper \u201efl\u00e4chig\u201c? Und welche Rolle spielt dabei die Farbe?<\/p>\n\n\n\n<p>Die Mittel sind mir gegeben: Linie \u2013 Fl\u00e4che \u2013 Raum \u2013 Licht \u2013 Farbe Die M\u00f6glichkeiten: wie der Raum \u2013 unendlich&#8230;<\/p>\n\n\n\n<p>\/\/\/<\/p>\n\n\n\n<p>Our notion of space is influenced significantly by our concept of the flat surface and vice versa; i.e. flat surface and space define each other and cannot be imagined separately.&nbsp;<\/p>\n\n\n\n<p>Added to this, there are light and colour, which emotionally charge and challenge our perceptions<em>.&nbsp;<\/em><\/p>\n\n\n\n<p>In my art, I am fascinated by the \u2018border area\u2019 between surface, space and colour: when does a surface become \u2018spatial\u2019 and when does a volume become \u2018planar\u2019? And what part does colour play in this?<em>&nbsp;<\/em><\/p>\n\n\n\n<p>The means are given to me: line &#8211; surface &#8211; space &#8211; light &#8211; colour&nbsp;&nbsp;<\/p>\n\n\n\n<p>The possibilities, like space, are infinite&#8230;<\/p>\n\n\n\n<p><a href=\"http:\/\/www.heiner-thiel.de\">www.heiner-thiel.de<\/a><\/p>\n","protected":false},"excerpt":{"rendered":"<p>Unsere Vorstellung von Raum ist wesentlich beeinflusst durch unsere Vor- stellung von Fl\u00e4che und umgekehrt; d.h. Fl\u00e4che und Raum definieren sich gegenseitig, sind losgel\u00f6st voneinander nicht vorstellbar.Hinzu kommen Licht und&#8230; <\/p>\n<div class=\"link-more\"><a href=\"https:\/\/www.skk-soest.de\/en\/3d-wegweisende-plastik-der-konkreten-gegenwart\/3d-heiner-thiel\/\">Read More<\/a><\/div>\n","protected":false},"author":1,"featured_media":0,"parent":5838,"menu_order":0,"comment_status":"closed","ping_status":"closed","template":"","meta":{"ngg_post_thumbnail":0,"footnotes":""},"class_list":["post-6125","page","type-page","status-publish","hentry"],"translation":{"provider":"WPGlobus","version":"3.0.2","language":"en","enabled_languages":["de","en"],"languages":{"de":{"title":true,"content":true,"excerpt":false},"en":{"title":false,"content":false,"excerpt":false}}},"_links":{"self":[{"href":"https:\/\/www.skk-soest.de\/en\/wp-json\/wp\/v2\/pages\/6125","targetHints":{"allow":["GET"]}}],"collection":[{"href":"https:\/\/www.skk-soest.de\/en\/wp-json\/wp\/v2\/pages"}],"about":[{"href":"https:\/\/www.skk-soest.de\/en\/wp-json\/wp\/v2\/types\/page"}],"author":[{"embeddable":true,"href":"https:\/\/www.skk-soest.de\/en\/wp-json\/wp\/v2\/users\/1"}],"replies":[{"embeddable":true,"href":"https:\/\/www.skk-soest.de\/en\/wp-json\/wp\/v2\/comments?post=6125"}],"version-history":[{"count":5,"href":"https:\/\/www.skk-soest.de\/en\/wp-json\/wp\/v2\/pages\/6125\/revisions"}],"predecessor-version":[{"id":6316,"href":"https:\/\/www.skk-soest.de\/en\/wp-json\/wp\/v2\/pages\/6125\/revisions\/6316"}],"up":[{"embeddable":true,"href":"https:\/\/www.skk-soest.de\/en\/wp-json\/wp\/v2\/pages\/5838"}],"wp:attachment":[{"href":"https:\/\/www.skk-soest.de\/en\/wp-json\/wp\/v2\/media?parent=6125"}],"curies":[{"name":"wp","href":"https:\/\/api.w.org\/{rel}","templated":true}]}}

<div class="wp-block-image">
<figure class="alignright size-large is-resized"><img loading="lazy" decoding="async" width="1024" height="818" src="https://www.skk-soest.de/wp-content/uploads/Thiel-wvz773_4C-02-web-1024x818.jpg" alt="" class="wp-image-5988" style="width:350px" srcset="https://www.skk-soest.de/wp-content/uploads/Thiel-wvz773_4C-02-web-1024x818.jpg 1024w, https://www.skk-soest.de/wp-content/uploads/Thiel-wvz773_4C-02-web-300x240.jpg 300w, https://www.skk-soest.de/wp-content/uploads/Thiel-wvz773_4C-02-web-768x614.jpg 768w, https://www.skk-soest.de/wp-content/uploads/Thiel-wvz773_4C-02-web-375x300.jpg 375w, https://www.skk-soest.de/wp-content/uploads/Thiel-wvz773_4C-02-web-250x200.jpg 250w, https://www.skk-soest.de/wp-content/uploads/Thiel-wvz773_4C-02-web.jpg 1478w" sizes="auto, (max-width: 1024px) 100vw, 1024px" /><figcaption class="wp-element-caption">o. T., wvz773 | 2023 | Aluminium, eloxiert (gelb) | 50 x 74 x 13 cm</figcaption></figure>
</div>


<p>Unsere Vorstellung von Raum ist wesentlich beeinflusst durch unsere Vor- stellung von Fläche und umgekehrt; d.h. Fläche und Raum definieren sich gegenseitig, sind losgelöst voneinander nicht vorstellbar.<br>Hinzu kommen Licht und Farbe, die unsere Wahrnehmung emotional auf- laden und herausfordern.</p>



<p>In meiner künstlerischen Arbeit interessiert mich besonders der «Grenzbe- reich» zwischen Fläche, Raum und Farbe: Wann wird eine Fläche „räumlich“ und wann ein Körper „flächig“? Und welche Rolle spielt dabei die Farbe?</p>



<p>Die Mittel sind mir gegeben: Linie – Fläche – Raum – Licht – Farbe Die Möglichkeiten: wie der Raum – unendlich&#8230;</p>



<p>///</p>



<p>Our notion of space is influenced significantly by our concept of the flat surface and vice versa; i.e. flat surface and space define each other and cannot be imagined separately.&nbsp;</p>



<p>Added to this, there are light and colour, which emotionally charge and challenge our perceptions<em>.&nbsp;</em></p>



<p>In my art, I am fascinated by the ‘border area’ between surface, space and colour: when does a surface become ‘spatial’ and when does a volume become ‘planar’? And what part does colour play in this?<em>&nbsp;</em></p>



<p>The means are given to me: line &#8211; surface &#8211; space &#8211; light &#8211; colour&nbsp;&nbsp;</p>



<p>The possibilities, like space, are infinite&#8230;</p>



<p><a href="http://www.heiner-thiel.de">www.heiner-thiel.de</a></p>

<p>Unsere Vorstellung von Raum ist wesentlich beeinflusst durch unsere Vor- stellung von Fläche und umgekehrt; d.h. Fläche und Raum definieren sich gegenseitig, sind losgelöst voneinander nicht vorstellbar.Hinzu kommen Licht und&#8230; </p>
<div class="link-more"><a href="https://www.skk-soest.de/en/3d-wegweisende-plastik-der-konkreten-gegenwart/3d-heiner-thiel/">Read More</a></div>
