{"id":6128,"date":"2024-09-10T14:48:36","date_gmt":"2024-09-10T12:48:36","guid":{"rendered":"https:\/\/www.skk-soest.de\/?page_id=6128"},"modified":"2024-09-21T12:46:54","modified_gmt":"2024-09-21T10:46:54","slug":"3d-kees-van-de-wal","status":"publish","type":"page","link":"https:\/\/www.skk-soest.de\/en\/3d-wegweisende-plastik-der-konkreten-gegenwart\/3d-kees-van-de-wal\/","title":{"rendered":"KEES VAN DE WAL"},"content":{"rendered":"\n<p>Auf der Suche nach der ultimativen Form<\/p>\n\n\n\n<p>Ich bin auf der Suche nach der ultimativen Form, einer Form, die nichts darstellt, aber alles sagt. In meiner minimalistischen Bildsprache schaffe ich bescheidene, aber kraftvolle Formen, Formen, die ihren Platz im Raum einnehmen. In meiner Arbeit geht es um Form, Farbe und Materie, Ruhe ist das zentrale Thema.<\/p>\n\n\n<div class=\"wp-block-image\">\n<figure class=\"alignright size-large is-resized\"><img loading=\"lazy\" decoding=\"async\" width=\"1024\" height=\"1024\" src=\"https:\/\/www.skk-soest.de\/wp-content\/uploads\/van-de-Wal-0723-left-M-web-1024x1024.jpg\" alt=\"\" class=\"wp-image-5995\" style=\"width:350px\" srcset=\"https:\/\/www.skk-soest.de\/wp-content\/uploads\/van-de-Wal-0723-left-M-web-1024x1024.jpg 1024w, https:\/\/www.skk-soest.de\/wp-content\/uploads\/van-de-Wal-0723-left-M-web-300x300.jpg 300w, https:\/\/www.skk-soest.de\/wp-content\/uploads\/van-de-Wal-0723-left-M-web-150x150.jpg 150w, https:\/\/www.skk-soest.de\/wp-content\/uploads\/van-de-Wal-0723-left-M-web-768x768.jpg 768w, https:\/\/www.skk-soest.de\/wp-content\/uploads\/van-de-Wal-0723-left-M-web-180x180.jpg 180w, https:\/\/www.skk-soest.de\/wp-content\/uploads\/van-de-Wal-0723-left-M-web-250x250.jpg 250w, https:\/\/www.skk-soest.de\/wp-content\/uploads\/van-de-Wal-0723-left-M-web-100x100.jpg 100w, https:\/\/www.skk-soest.de\/wp-content\/uploads\/van-de-Wal-0723-left-M-web.jpg 1181w\" sizes=\"auto, (max-width: 1024px) 100vw, 1024px\" \/><figcaption class=\"wp-element-caption\">o. T. (#723) | 2023 | Acrylfarbe auf Karton, Holzleim, Nagel | 34 x 25 x 17 cm<\/figcaption><\/figure>\n<\/div>\n\n\n<p>Meine ersten Malereien wurden von der leeren, weiten Landschaft Vlie- lands inspiriert. Ich malte leere Landschaften, horizontale Gliederungen, in denen Ruhe und Raum das Thema waren. Als ich mich vom \u201aHorizont\u2018 verabschiedete traten Andeutungen von Wolken und Vegetation in den Vordergrund, die sich sofort zu eigenst\u00e4ndigen, vom Ursprung getrenn- ten Formen abstrahierte. Als ich mich nicht mehr von den R\u00e4ndern der Leinwand einschr\u00e4nken lie\u00df entstanden die ersten Wandobjekte, die es mir erm\u00f6glichten, meiner Arbeit Form und Materie hinzuzuf\u00fcgen. Ich verwendete extrudiertes Polystyrol (XPS) als Basis und \u00fcberzog es mit Schichten aus Papier, Gips und\/oder Farbe. Zurzeit lasse ich mich von Karton aus alten Verpackungskisten inspirieren und fertige gro\u00dfe und kleine Wandobjekte an. In all den Jahren sind Ruhe und Minimalismus erhalten geblieben.<\/p>\n\n\n\n<p>Die Kartons bekomme ich von Freunden und Gesch\u00e4ften aus der Umgebung. Sie wurden benutzt, etwas wurde darin verpackt, transportiert, es hat eine Reise hinter sich. Sie haben Knickspuren, Kerben und Kleber\u00e4nder. Sie sind besch\u00e4digt. Das Material fordert mich heraus, neue Formen zu schaffen, mini- malistische, ruhige Objekte. Ich arbeite unter anderem mit Acryl und Oilstick.<\/p>\n\n\n\n<p>In meiner Arbeit versuche ich, meine eigene Welt zu schaffen, indem ich nach Ausgewogenheit, aber auch nach Spannung und Unvollkommenheit suche, nicht auff\u00e4llig, sondern ruhig und ged\u00e4mpft. Das gibt jedem Objekt seinen eigenen Charakter, bescheiden und informell. Dies ist meine Welt, dies ist, wer ich bin.<\/p>\n\n\n\n<p>Kees van de Wal, Juli 2024<br>aus dem Englischen \u00fcbersetzt von Juliane Rogge<\/p>\n\n\n\n<p>\/\/\/<\/p>\n\n\n\n<p>In search of the ultimate shape<\/p>\n\n\n\n<p>I am looking for the ultimate shape, a shape that represents nothing but everything says. Within my minimalist visual language I create modest but powerful shapes, shapes that take their place in the space. My work is about shape, colour and matter, tranquillity is the theme.<\/p>\n\n\n\n<p>My first paintings were inspired by the empty, vast landscape of Vlieland. I painted empty landscapes, horizontal divisions in which peace and space were the subject. When I said goodbye to the \u2018horizon\u2019 suggestions of clouds and vegetation took centre stage, which immediately abstracted into independent shapes that were separate from their origin. When I no longer allowed myself to be limited by the edges of the canvas the first wall objects were created that allowed me to add shape and matter to my work. I used extruded polystyrene (XPS) as a base and covered it with layers of paper, plaster and\/or paint. At the moment I am inspired by cardboard from old packaging boxes and make large and small wall objects. In all these years, tranquillity and minimalism have remained.<\/p>\n\n\n\n<p>I get the boxes from friends and shops in the area. They have been used, something has been packed in them, transported, it has travelled a distance. There are fold lines, nicks and adhesive edges. It\u2019s damaged. The material challenges me to create new shapes, minimalist, tranquil objects. I work with acrylic and alkyd paint and oil stick, among other things.<\/p>\n\n\n\n<p>In my work I try to create my own world, looking for balance but also tension, imperfection, not flashy but quiet and subdued. This gives each object its own character, modest and informal. This is my world, this is who I am.<\/p>\n\n\n\n<p>Kees van de Wal,\u00a0July 2024<\/p>\n\n\n\n<p><a href=\"http:\/\/www.keesvandewal.nl\">www.keesvandewal.nl<\/a><\/p>\n","protected":false},"excerpt":{"rendered":"<p>Auf der Suche nach der ultimativen Form Ich bin auf der Suche nach der ultimativen Form, einer Form, die nichts darstellt, aber alles sagt. In meiner minimalistischen Bildsprache schaffe ich&#8230; <\/p>\n<div class=\"link-more\"><a href=\"https:\/\/www.skk-soest.de\/en\/3d-wegweisende-plastik-der-konkreten-gegenwart\/3d-kees-van-de-wal\/\">Read More<\/a><\/div>\n","protected":false},"author":1,"featured_media":0,"parent":5838,"menu_order":0,"comment_status":"closed","ping_status":"closed","template":"","meta":{"ngg_post_thumbnail":0,"footnotes":""},"class_list":["post-6128","page","type-page","status-publish","hentry"],"translation":{"provider":"WPGlobus","version":"3.0.2","language":"en","enabled_languages":["de","en"],"languages":{"de":{"title":true,"content":true,"excerpt":false},"en":{"title":false,"content":false,"excerpt":false}}},"_links":{"self":[{"href":"https:\/\/www.skk-soest.de\/en\/wp-json\/wp\/v2\/pages\/6128","targetHints":{"allow":["GET"]}}],"collection":[{"href":"https:\/\/www.skk-soest.de\/en\/wp-json\/wp\/v2\/pages"}],"about":[{"href":"https:\/\/www.skk-soest.de\/en\/wp-json\/wp\/v2\/types\/page"}],"author":[{"embeddable":true,"href":"https:\/\/www.skk-soest.de\/en\/wp-json\/wp\/v2\/users\/1"}],"replies":[{"embeddable":true,"href":"https:\/\/www.skk-soest.de\/en\/wp-json\/wp\/v2\/comments?post=6128"}],"version-history":[{"count":4,"href":"https:\/\/www.skk-soest.de\/en\/wp-json\/wp\/v2\/pages\/6128\/revisions"}],"predecessor-version":[{"id":6272,"href":"https:\/\/www.skk-soest.de\/en\/wp-json\/wp\/v2\/pages\/6128\/revisions\/6272"}],"up":[{"embeddable":true,"href":"https:\/\/www.skk-soest.de\/en\/wp-json\/wp\/v2\/pages\/5838"}],"wp:attachment":[{"href":"https:\/\/www.skk-soest.de\/en\/wp-json\/wp\/v2\/media?parent=6128"}],"curies":[{"name":"wp","href":"https:\/\/api.w.org\/{rel}","templated":true}]}}

<p>Auf der Suche nach der ultimativen Form</p>



<p>Ich bin auf der Suche nach der ultimativen Form, einer Form, die nichts darstellt, aber alles sagt. In meiner minimalistischen Bildsprache schaffe ich bescheidene, aber kraftvolle Formen, Formen, die ihren Platz im Raum einnehmen. In meiner Arbeit geht es um Form, Farbe und Materie, Ruhe ist das zentrale Thema.</p>


<div class="wp-block-image">
<figure class="alignright size-large is-resized"><img loading="lazy" decoding="async" width="1024" height="1024" src="https://www.skk-soest.de/wp-content/uploads/van-de-Wal-0723-left-M-web-1024x1024.jpg" alt="" class="wp-image-5995" style="width:350px" srcset="https://www.skk-soest.de/wp-content/uploads/van-de-Wal-0723-left-M-web-1024x1024.jpg 1024w, https://www.skk-soest.de/wp-content/uploads/van-de-Wal-0723-left-M-web-300x300.jpg 300w, https://www.skk-soest.de/wp-content/uploads/van-de-Wal-0723-left-M-web-150x150.jpg 150w, https://www.skk-soest.de/wp-content/uploads/van-de-Wal-0723-left-M-web-768x768.jpg 768w, https://www.skk-soest.de/wp-content/uploads/van-de-Wal-0723-left-M-web-180x180.jpg 180w, https://www.skk-soest.de/wp-content/uploads/van-de-Wal-0723-left-M-web-250x250.jpg 250w, https://www.skk-soest.de/wp-content/uploads/van-de-Wal-0723-left-M-web-100x100.jpg 100w, https://www.skk-soest.de/wp-content/uploads/van-de-Wal-0723-left-M-web.jpg 1181w" sizes="auto, (max-width: 1024px) 100vw, 1024px" /><figcaption class="wp-element-caption">o. T. (#723) | 2023 | Acrylfarbe auf Karton, Holzleim, Nagel | 34 x 25 x 17 cm</figcaption></figure>
</div>


<p>Meine ersten Malereien wurden von der leeren, weiten Landschaft Vlie- lands inspiriert. Ich malte leere Landschaften, horizontale Gliederungen, in denen Ruhe und Raum das Thema waren. Als ich mich vom ‚Horizont‘ verabschiedete traten Andeutungen von Wolken und Vegetation in den Vordergrund, die sich sofort zu eigenständigen, vom Ursprung getrenn- ten Formen abstrahierte. Als ich mich nicht mehr von den Rändern der Leinwand einschränken ließ entstanden die ersten Wandobjekte, die es mir ermöglichten, meiner Arbeit Form und Materie hinzuzufügen. Ich verwendete extrudiertes Polystyrol (XPS) als Basis und überzog es mit Schichten aus Papier, Gips und/oder Farbe. Zurzeit lasse ich mich von Karton aus alten Verpackungskisten inspirieren und fertige große und kleine Wandobjekte an. In all den Jahren sind Ruhe und Minimalismus erhalten geblieben.</p>



<p>Die Kartons bekomme ich von Freunden und Geschäften aus der Umgebung. Sie wurden benutzt, etwas wurde darin verpackt, transportiert, es hat eine Reise hinter sich. Sie haben Knickspuren, Kerben und Kleberänder. Sie sind beschädigt. Das Material fordert mich heraus, neue Formen zu schaffen, mini- malistische, ruhige Objekte. Ich arbeite unter anderem mit Acryl und Oilstick.</p>



<p>In meiner Arbeit versuche ich, meine eigene Welt zu schaffen, indem ich nach Ausgewogenheit, aber auch nach Spannung und Unvollkommenheit suche, nicht auffällig, sondern ruhig und gedämpft. Das gibt jedem Objekt seinen eigenen Charakter, bescheiden und informell. Dies ist meine Welt, dies ist, wer ich bin.</p>



<p>Kees van de Wal, Juli 2024<br>aus dem Englischen übersetzt von Juliane Rogge</p>



<p>///</p>



<p>In search of the ultimate shape</p>



<p>I am looking for the ultimate shape, a shape that represents nothing but everything says. Within my minimalist visual language I create modest but powerful shapes, shapes that take their place in the space. My work is about shape, colour and matter, tranquillity is the theme.</p>



<p>My first paintings were inspired by the empty, vast landscape of Vlieland. I painted empty landscapes, horizontal divisions in which peace and space were the subject. When I said goodbye to the ‘horizon’ suggestions of clouds and vegetation took centre stage, which immediately abstracted into independent shapes that were separate from their origin. When I no longer allowed myself to be limited by the edges of the canvas the first wall objects were created that allowed me to add shape and matter to my work. I used extruded polystyrene (XPS) as a base and covered it with layers of paper, plaster and/or paint. At the moment I am inspired by cardboard from old packaging boxes and make large and small wall objects. In all these years, tranquillity and minimalism have remained.</p>



<p>I get the boxes from friends and shops in the area. They have been used, something has been packed in them, transported, it has travelled a distance. There are fold lines, nicks and adhesive edges. It’s damaged. The material challenges me to create new shapes, minimalist, tranquil objects. I work with acrylic and alkyd paint and oil stick, among other things.</p>



<p>In my work I try to create my own world, looking for balance but also tension, imperfection, not flashy but quiet and subdued. This gives each object its own character, modest and informal. This is my world, this is who I am.</p>



<p>Kees van de Wal, July 2024</p>



<p><a href="http://www.keesvandewal.nl">www.keesvandewal.nl</a></p>
