{"id":8393,"date":"2025-03-14T16:45:47","date_gmt":"2025-03-14T15:45:47","guid":{"rendered":"https:\/\/www.skk-soest.de\/?page_id=8393"},"modified":"2025-06-16T14:05:35","modified_gmt":"2025-06-16T12:05:35","slug":"westfarbe-vi-helen-calder","status":"publish","type":"page","link":"https:\/\/www.skk-soest.de\/en\/westfarbe-vi\/westfarbe-vi-helen-calder\/","title":{"rendered":"HELEN CALDER"},"content":{"rendered":"\n<p>Die meisten Maler*innen verteilen im Grunde genommen mit unterschiedlichen Werkzeugen Farbe auf irgendeinem Bildtr\u00e4ger, zum Beispiel Papier oder Leinwand. Damit ist die Farbe nie ganz frei, sondern immer gebunden. Farbe ohne Tr\u00e4ger, wie soll das gehen?<\/p>\n\n\n\n<p>Bei Helen Calder geht es. Bei ihr ist Farbe paint und colour zugleich und wird zum Beispiel frei vor der Wand oder im Raum h\u00e4ngend pr\u00e4sentiert.&nbsp;<\/p>\n\n\n\n<p>Die in Christchurch (Neuseeland) lebende K\u00fcnstlerin hat eine Methode entwickelt, Acrylfarbe vom Tr\u00e4ger zu isolieren. In gewissem Sinne ist bei Calder die Wand der Tr\u00e4ger. Wand und Farb-Element werden zusammen zum Bild. Zugleich erleben wir monochrome Farbe in reinster Form als sinnliche Qualit\u00e4t. Die \u201aFarbe-H\u00e4ute\u2018 k\u00f6nnen befreit schwebend vor der Wand montiert oder gefaltet auf einem Sockel pr\u00e4sentiert werden. Im ersten Fall sind es Farbbilder, die sich im Raum zu bewegen scheinen, im zweiten wird Farbe im Wortsinn k\u00f6rperlich und schwebt in der Assoziation zwischen Ablagerungen und Farbwesen mit einem scheinbaren Eigenleben.<\/p>\n\n\n\n<p><a href=\"http:\/\/www.helencalder.co\">www.helencalder.co<\/a><\/p>\n\n\n\n<div class=\"wp-block-columns is-layout-flex wp-container-core-columns-is-layout-9d6595d7 wp-block-columns-is-layout-flex\">\n<div class=\"wp-block-column is-layout-flow wp-block-column-is-layout-flow\">\n<p>Polychrome, 2019<br>Acrylfarbe, pulverbeschichteter Stahl<br>115 x 34 x 30 cm<\/p>\n<\/div>\n\n\n\n<div class=\"wp-block-column is-layout-flow wp-block-column-is-layout-flow\">\n<p>Orange Red, 2020<br>Acrylfarbe, pulverbeschichteter Stahl<br>82 x 31 x 10 cm<\/p>\n<\/div>\n\n\n\n<div class=\"wp-block-column is-layout-flow wp-block-column-is-layout-flow\">\n<p>Turquoise Teal, 2019<br>Acrylfarbe, pulverbeschichteter Stahl<br>36,5 x 98 x 12 cm<\/p>\n<\/div>\n<\/div>\n","protected":false},"excerpt":{"rendered":"<p>Die meisten Maler*innen verteilen im Grunde genommen mit unterschiedlichen Werkzeugen Farbe auf irgendeinem Bildtr\u00e4ger, zum Beispiel Papier oder Leinwand. Damit ist die Farbe nie ganz frei, sondern immer gebunden. Farbe&#8230; <\/p>\n<div class=\"link-more\"><a href=\"https:\/\/www.skk-soest.de\/en\/westfarbe-vi\/westfarbe-vi-helen-calder\/\">Read More<\/a><\/div>\n","protected":false},"author":1,"featured_media":0,"parent":26613,"menu_order":0,"comment_status":"closed","ping_status":"closed","template":"","meta":{"ngg_post_thumbnail":0,"footnotes":""},"class_list":["post-8393","page","type-page","status-publish","hentry"],"translation":{"provider":"WPGlobus","version":"3.0.2","language":"en","enabled_languages":["de","en"],"languages":{"de":{"title":true,"content":true,"excerpt":false},"en":{"title":false,"content":false,"excerpt":false}}},"_links":{"self":[{"href":"https:\/\/www.skk-soest.de\/en\/wp-json\/wp\/v2\/pages\/8393","targetHints":{"allow":["GET"]}}],"collection":[{"href":"https:\/\/www.skk-soest.de\/en\/wp-json\/wp\/v2\/pages"}],"about":[{"href":"https:\/\/www.skk-soest.de\/en\/wp-json\/wp\/v2\/types\/page"}],"author":[{"embeddable":true,"href":"https:\/\/www.skk-soest.de\/en\/wp-json\/wp\/v2\/users\/1"}],"replies":[{"embeddable":true,"href":"https:\/\/www.skk-soest.de\/en\/wp-json\/wp\/v2\/comments?post=8393"}],"version-history":[{"count":3,"href":"https:\/\/www.skk-soest.de\/en\/wp-json\/wp\/v2\/pages\/8393\/revisions"}],"predecessor-version":[{"id":8616,"href":"https:\/\/www.skk-soest.de\/en\/wp-json\/wp\/v2\/pages\/8393\/revisions\/8616"}],"up":[{"embeddable":true,"href":"https:\/\/www.skk-soest.de\/en\/wp-json\/wp\/v2\/pages\/26613"}],"wp:attachment":[{"href":"https:\/\/www.skk-soest.de\/en\/wp-json\/wp\/v2\/media?parent=8393"}],"curies":[{"name":"wp","href":"https:\/\/api.w.org\/{rel}","templated":true}]}}

<p>Die meisten Maler*innen verteilen im Grunde genommen mit unterschiedlichen Werkzeugen Farbe auf irgendeinem Bildträger, zum Beispiel Papier oder Leinwand. Damit ist die Farbe nie ganz frei, sondern immer gebunden. Farbe ohne Träger, wie soll das gehen?</p>



<p>Bei Helen Calder geht es. Bei ihr ist Farbe paint und colour zugleich und wird zum Beispiel frei vor der Wand oder im Raum hängend präsentiert.&nbsp;</p>



<p>Die in Christchurch (Neuseeland) lebende Künstlerin hat eine Methode entwickelt, Acrylfarbe vom Träger zu isolieren. In gewissem Sinne ist bei Calder die Wand der Träger. Wand und Farb-Element werden zusammen zum Bild. Zugleich erleben wir monochrome Farbe in reinster Form als sinnliche Qualität. Die ‚Farbe-Häute‘ können befreit schwebend vor der Wand montiert oder gefaltet auf einem Sockel präsentiert werden. Im ersten Fall sind es Farbbilder, die sich im Raum zu bewegen scheinen, im zweiten wird Farbe im Wortsinn körperlich und schwebt in der Assoziation zwischen Ablagerungen und Farbwesen mit einem scheinbaren Eigenleben.</p>



<p><a href="http://www.helencalder.co">www.helencalder.co</a></p>



<div class="wp-block-columns is-layout-flex wp-container-core-columns-is-layout-9d6595d7 wp-block-columns-is-layout-flex">
<div class="wp-block-column is-layout-flow wp-block-column-is-layout-flow">
<p>Polychrome, 2019<br>Acrylfarbe, pulverbeschichteter Stahl<br>115 x 34 x 30 cm</p>
</div>



<div class="wp-block-column is-layout-flow wp-block-column-is-layout-flow">
<p>Orange Red, 2020<br>Acrylfarbe, pulverbeschichteter Stahl<br>82 x 31 x 10 cm</p>
</div>



<div class="wp-block-column is-layout-flow wp-block-column-is-layout-flow">
<p>Turquoise Teal, 2019<br>Acrylfarbe, pulverbeschichteter Stahl<br>36,5 x 98 x 12 cm</p>
</div>
</div>

<p>Die meisten Maler*innen verteilen im Grunde genommen mit unterschiedlichen Werkzeugen Farbe auf irgendeinem Bildträger, zum Beispiel Papier oder Leinwand. Damit ist die Farbe nie ganz frei, sondern immer gebunden. Farbe&#8230; </p>
<div class="link-more"><a href="https://www.skk-soest.de/en/westfarbe-vi/westfarbe-vi-helen-calder/">Read More</a></div>
