{"id":8431,"date":"2025-03-14T16:59:21","date_gmt":"2025-03-14T15:59:21","guid":{"rendered":"https:\/\/www.skk-soest.de\/?page_id=8431"},"modified":"2025-06-16T14:07:12","modified_gmt":"2025-06-16T12:07:12","slug":"westfarbe-vi-marcia-hafif","status":"publish","type":"page","link":"https:\/\/www.skk-soest.de\/en\/westfarbe-vi\/westfarbe-vi-marcia-hafif\/","title":{"rendered":"MARCIA HAFIF"},"content":{"rendered":"\n<p>Marcia Hafif (1929\u20132018) geh\u00f6rt zu den Pionier*innen der so genannten radikalen oder analytischen Malerei, die in den 1970er Jahren die M\u00f6glichkeiten der Malerei neu ergr\u00fcndeten und dabei ihren Fokus auf die elementaren Aspekte legten: Farbe in Erscheinung, Textur, Prozess und Ausdrucksqualit\u00e4t.<\/p>\n\n\n\n<p>Hafifs monochrome Bilder ber\u00fchren die Betrachterin, den Betrachter geistig und emotional, l\u00f6sen Assoziationen und Stimmungen aus. Gerade in ihrer Monochromie belegen sie die Auswirkungen des spezifischen Farbtons, aber auch des Farbauftrags etwa in Lasur und Pinself\u00fchrung, des Formats, oder des Untergrunds.<\/p>\n\n\n\n<p><a href=\"http:\/\/www.marciahafif.com\">www.marciahafif.com<\/a><\/p>\n\n\n\n<div class=\"wp-block-columns is-layout-flex wp-container-core-columns-is-layout-9d6595d7 wp-block-columns-is-layout-flex\">\n<div class=\"wp-block-column is-layout-flow wp-block-column-is-layout-flow\">\n<p>Indian Yellow, 1995<br>\u00d6l auf Leinwand<br>64 x 63,6 cm<br>Sammlung Frederick<\/p>\n<\/div>\n\n\n\n<div class=\"wp-block-column is-layout-flow wp-block-column-is-layout-flow\">\n<p>Yellow, 2001<br>\u00d6l auf Leinwand<br>40 x 30 cm<br>Sammlung Frederick<\/p>\n<\/div>\n\n\n\n<div class=\"wp-block-column is-layout-flow wp-block-column-is-layout-flow\">\n<p>Pantone 187C (12 Warm Red, 4 Rubine Red, 1 Black). From Wall Painting: Ruco Trend 20-08, Zu\u0308rich, 1995<br>Druck auf festem Papier<br>54,5 x 74,5 cm<br>Sammlung Schroth<\/p>\n<\/div>\n<\/div>\n","protected":false},"excerpt":{"rendered":"<p>Marcia Hafif (1929\u20132018) geh\u00f6rt zu den Pionier*innen der so genannten radikalen oder analytischen Malerei, die in den 1970er Jahren die M\u00f6glichkeiten der Malerei neu ergr\u00fcndeten und dabei ihren Fokus auf&#8230; <\/p>\n<div class=\"link-more\"><a href=\"https:\/\/www.skk-soest.de\/en\/westfarbe-vi\/westfarbe-vi-marcia-hafif\/\">Read More<\/a><\/div>\n","protected":false},"author":1,"featured_media":0,"parent":26613,"menu_order":0,"comment_status":"closed","ping_status":"closed","template":"","meta":{"ngg_post_thumbnail":0,"footnotes":""},"class_list":["post-8431","page","type-page","status-publish","hentry"],"translation":{"provider":"WPGlobus","version":"3.0.2","language":"en","enabled_languages":["de","en"],"languages":{"de":{"title":true,"content":true,"excerpt":false},"en":{"title":false,"content":false,"excerpt":false}}},"_links":{"self":[{"href":"https:\/\/www.skk-soest.de\/en\/wp-json\/wp\/v2\/pages\/8431","targetHints":{"allow":["GET"]}}],"collection":[{"href":"https:\/\/www.skk-soest.de\/en\/wp-json\/wp\/v2\/pages"}],"about":[{"href":"https:\/\/www.skk-soest.de\/en\/wp-json\/wp\/v2\/types\/page"}],"author":[{"embeddable":true,"href":"https:\/\/www.skk-soest.de\/en\/wp-json\/wp\/v2\/users\/1"}],"replies":[{"embeddable":true,"href":"https:\/\/www.skk-soest.de\/en\/wp-json\/wp\/v2\/comments?post=8431"}],"version-history":[{"count":3,"href":"https:\/\/www.skk-soest.de\/en\/wp-json\/wp\/v2\/pages\/8431\/revisions"}],"predecessor-version":[{"id":8602,"href":"https:\/\/www.skk-soest.de\/en\/wp-json\/wp\/v2\/pages\/8431\/revisions\/8602"}],"up":[{"embeddable":true,"href":"https:\/\/www.skk-soest.de\/en\/wp-json\/wp\/v2\/pages\/26613"}],"wp:attachment":[{"href":"https:\/\/www.skk-soest.de\/en\/wp-json\/wp\/v2\/media?parent=8431"}],"curies":[{"name":"wp","href":"https:\/\/api.w.org\/{rel}","templated":true}]}}

<p>Marcia Hafif (1929–2018) gehört zu den Pionier*innen der so genannten radikalen oder analytischen Malerei, die in den 1970er Jahren die Möglichkeiten der Malerei neu ergründeten und dabei ihren Fokus auf die elementaren Aspekte legten: Farbe in Erscheinung, Textur, Prozess und Ausdrucksqualität.</p>



<p>Hafifs monochrome Bilder berühren die Betrachterin, den Betrachter geistig und emotional, lösen Assoziationen und Stimmungen aus. Gerade in ihrer Monochromie belegen sie die Auswirkungen des spezifischen Farbtons, aber auch des Farbauftrags etwa in Lasur und Pinselführung, des Formats, oder des Untergrunds.</p>



<p><a href="http://www.marciahafif.com">www.marciahafif.com</a></p>



<div class="wp-block-columns is-layout-flex wp-container-core-columns-is-layout-9d6595d7 wp-block-columns-is-layout-flex">
<div class="wp-block-column is-layout-flow wp-block-column-is-layout-flow">
<p>Indian Yellow, 1995<br>Öl auf Leinwand<br>64 x 63,6 cm<br>Sammlung Frederick</p>
</div>



<div class="wp-block-column is-layout-flow wp-block-column-is-layout-flow">
<p>Yellow, 2001<br>Öl auf Leinwand<br>40 x 30 cm<br>Sammlung Frederick</p>
</div>



<div class="wp-block-column is-layout-flow wp-block-column-is-layout-flow">
<p>Pantone 187C (12 Warm Red, 4 Rubine Red, 1 Black). From Wall Painting: Ruco Trend 20-08, Zürich, 1995<br>Druck auf festem Papier<br>54,5 x 74,5 cm<br>Sammlung Schroth</p>
</div>
</div>

<p>Marcia Hafif (1929–2018) gehört zu den Pionier*innen der so genannten radikalen oder analytischen Malerei, die in den 1970er Jahren die Möglichkeiten der Malerei neu ergründeten und dabei ihren Fokus auf&#8230; </p>
<div class="link-more"><a href="https://www.skk-soest.de/en/westfarbe-vi/westfarbe-vi-marcia-hafif/">Read More</a></div>
