{"id":8466,"date":"2025-03-14T17:14:08","date_gmt":"2025-03-14T16:14:08","guid":{"rendered":"https:\/\/www.skk-soest.de\/?page_id=8466"},"modified":"2025-06-16T14:10:05","modified_gmt":"2025-06-16T12:10:05","slug":"westfarbe-vi-john-nixon","status":"publish","type":"page","link":"https:\/\/www.skk-soest.de\/en\/westfarbe-vi\/westfarbe-vi-john-nixon\/","title":{"rendered":"JOHN NIXON"},"content":{"rendered":"\n<p>Der 2020 im Alter von 70 Jahren in Melbourne verstorbene K\u00fcnstler John Nixon war wahrscheinlich der bekannteste und profilierteste Vertreter der Konkreten Kunst in Australien.<\/p>\n\n\n\n<p>Seit den sp\u00e4ten 1960er Jahren schuf er unverwechselbare Werke, die den Kanon der Konkrete erweiterten. Im Jahr 1982 nahm er mit seinen Arbeiten aus dem Projekt \u201aExperimental Painting Workshop\u2018 an der Documenta 7 teil.<\/p>\n\n\n\n<p>Malerei in Resonanz zur Moderne, starke Farbkontraste, ein starkes Orange als Lack auf den verschiedensten Fl\u00e4chen und die h\u00e4ufige Integration von Alltagsgegenst\u00e4nden in seine monochromen Bilder wie Hammer, L\u00f6ffel, Zollstock u.a. zeichnet seine Wiederkennbarkeit aus. Immer war Nixon ein Forscher in der Auseinandersetzung mit Malerei, wobei ihn die Beziehungen zwischen \u00e4sthetischer Form, Medium und Pr\u00e4sentationsaspekten sehr interessierten.<\/p>\n\n\n\n<p>Ausgehend von einer Position an der Schnittstelle zwischen ungegenst\u00e4ndlicher und abstrakter Kunst erforschte Nixon die konstruktive Natur der Kunst und legte sich hierbei weder auf bestimmte Materialien noch auf Kunstgattungen fest. So konnte nahezu alles (Zeichnung, Malerei, Druckgrafik, Collage, Film, Fotografie, Musik als Konserve ebenso wie experimentelle Musikkonzerte) Eingang in seine Kunst finden.&nbsp;<\/p>\n\n\n\n<div class=\"wp-block-columns is-layout-flex wp-container-core-columns-is-layout-9d6595d7 wp-block-columns-is-layout-flex\">\n<div class=\"wp-block-column is-layout-flow wp-block-column-is-layout-flow\">\n<p>EPW: O, 1994<br>Lack, Metalll\u00f6ffel auf Holz&nbsp;<br>ca. 45 x 45 cm<br>Privatsammlung<\/p>\n<\/div>\n\n\n\n<div class=\"wp-block-column is-layout-flow wp-block-column-is-layout-flow\">\n<p>Yellow Monochrome, 1994<br>Lack auf MDF<br>24 x 24 cm<br>Sammlung Frederick<\/p>\n<\/div>\n\n\n\n<div class=\"wp-block-column is-layout-flow wp-block-column-is-layout-flow\">\n<p>Mini painting, 2003<br>Lack auf Holz<br>4 x 6,5 x 1,8 cm<br>Privatsammlung<\/p>\n<\/div>\n<\/div>\n\n\n\n<div class=\"wp-block-columns is-layout-flex wp-container-core-columns-is-layout-9d6595d7 wp-block-columns-is-layout-flex\">\n<div class=\"wp-block-column is-layout-flow wp-block-column-is-layout-flow\">\n<p>Orange Monochrome, 2003<br>Lack auf Holz<br>28,5 x 28,7 cm<br>Privatsammlung<\/p>\n<\/div>\n\n\n\n<div class=\"wp-block-column is-layout-flow wp-block-column-is-layout-flow\">\n<p>EPW O, 1992<br>7 Objekte (mixed media), Holz, Emaillelack, Filz, Karton, Masonit<br>Ma\u00dfe variabel<br>Privatsammlung<\/p>\n<\/div>\n\n\n\n<div class=\"wp-block-column is-layout-flow wp-block-column-is-layout-flow\">\n<p>Orange Monochrome, EPW:O, 1997<br>Lack auf Holz<br>280,1 x 9,6 cm<br>Privatsammlung<\/p>\n<\/div>\n<\/div>\n","protected":false},"excerpt":{"rendered":"<p>Der 2020 im Alter von 70 Jahren in Melbourne verstorbene K\u00fcnstler John Nixon war wahrscheinlich der bekannteste und profilierteste Vertreter der Konkreten Kunst in Australien. Seit den sp\u00e4ten 1960er Jahren&#8230; <\/p>\n<div class=\"link-more\"><a href=\"https:\/\/www.skk-soest.de\/en\/westfarbe-vi\/westfarbe-vi-john-nixon\/\">Read More<\/a><\/div>\n","protected":false},"author":1,"featured_media":0,"parent":26613,"menu_order":0,"comment_status":"closed","ping_status":"closed","template":"","meta":{"ngg_post_thumbnail":0,"footnotes":""},"class_list":["post-8466","page","type-page","status-publish","hentry"],"translation":{"provider":"WPGlobus","version":"3.0.2","language":"en","enabled_languages":["de","en"],"languages":{"de":{"title":true,"content":true,"excerpt":false},"en":{"title":false,"content":false,"excerpt":false}}},"_links":{"self":[{"href":"https:\/\/www.skk-soest.de\/en\/wp-json\/wp\/v2\/pages\/8466","targetHints":{"allow":["GET"]}}],"collection":[{"href":"https:\/\/www.skk-soest.de\/en\/wp-json\/wp\/v2\/pages"}],"about":[{"href":"https:\/\/www.skk-soest.de\/en\/wp-json\/wp\/v2\/types\/page"}],"author":[{"embeddable":true,"href":"https:\/\/www.skk-soest.de\/en\/wp-json\/wp\/v2\/users\/1"}],"replies":[{"embeddable":true,"href":"https:\/\/www.skk-soest.de\/en\/wp-json\/wp\/v2\/comments?post=8466"}],"version-history":[{"count":3,"href":"https:\/\/www.skk-soest.de\/en\/wp-json\/wp\/v2\/pages\/8466\/revisions"}],"predecessor-version":[{"id":8590,"href":"https:\/\/www.skk-soest.de\/en\/wp-json\/wp\/v2\/pages\/8466\/revisions\/8590"}],"up":[{"embeddable":true,"href":"https:\/\/www.skk-soest.de\/en\/wp-json\/wp\/v2\/pages\/26613"}],"wp:attachment":[{"href":"https:\/\/www.skk-soest.de\/en\/wp-json\/wp\/v2\/media?parent=8466"}],"curies":[{"name":"wp","href":"https:\/\/api.w.org\/{rel}","templated":true}]}}

<p>Der 2020 im Alter von 70 Jahren in Melbourne verstorbene Künstler John Nixon war wahrscheinlich der bekannteste und profilierteste Vertreter der Konkreten Kunst in Australien.</p>



<p>Seit den späten 1960er Jahren schuf er unverwechselbare Werke, die den Kanon der Konkrete erweiterten. Im Jahr 1982 nahm er mit seinen Arbeiten aus dem Projekt ‚Experimental Painting Workshop‘ an der Documenta 7 teil.</p>



<p>Malerei in Resonanz zur Moderne, starke Farbkontraste, ein starkes Orange als Lack auf den verschiedensten Flächen und die häufige Integration von Alltagsgegenständen in seine monochromen Bilder wie Hammer, Löffel, Zollstock u.a. zeichnet seine Wiederkennbarkeit aus. Immer war Nixon ein Forscher in der Auseinandersetzung mit Malerei, wobei ihn die Beziehungen zwischen ästhetischer Form, Medium und Präsentationsaspekten sehr interessierten.</p>



<p>Ausgehend von einer Position an der Schnittstelle zwischen ungegenständlicher und abstrakter Kunst erforschte Nixon die konstruktive Natur der Kunst und legte sich hierbei weder auf bestimmte Materialien noch auf Kunstgattungen fest. So konnte nahezu alles (Zeichnung, Malerei, Druckgrafik, Collage, Film, Fotografie, Musik als Konserve ebenso wie experimentelle Musikkonzerte) Eingang in seine Kunst finden.&nbsp;</p>



<div class="wp-block-columns is-layout-flex wp-container-core-columns-is-layout-9d6595d7 wp-block-columns-is-layout-flex">
<div class="wp-block-column is-layout-flow wp-block-column-is-layout-flow">
<p>EPW: O, 1994<br>Lack, Metalllöffel auf Holz&nbsp;<br>ca. 45 x 45 cm<br>Privatsammlung</p>
</div>



<div class="wp-block-column is-layout-flow wp-block-column-is-layout-flow">
<p>Yellow Monochrome, 1994<br>Lack auf MDF<br>24 x 24 cm<br>Sammlung Frederick</p>
</div>



<div class="wp-block-column is-layout-flow wp-block-column-is-layout-flow">
<p>Mini painting, 2003<br>Lack auf Holz<br>4 x 6,5 x 1,8 cm<br>Privatsammlung</p>
</div>
</div>



<div class="wp-block-columns is-layout-flex wp-container-core-columns-is-layout-9d6595d7 wp-block-columns-is-layout-flex">
<div class="wp-block-column is-layout-flow wp-block-column-is-layout-flow">
<p>Orange Monochrome, 2003<br>Lack auf Holz<br>28,5 x 28,7 cm<br>Privatsammlung</p>
</div>



<div class="wp-block-column is-layout-flow wp-block-column-is-layout-flow">
<p>EPW O, 1992<br>7 Objekte (mixed media), Holz, Emaillelack, Filz, Karton, Masonit<br>Maße variabel<br>Privatsammlung</p>
</div>



<div class="wp-block-column is-layout-flow wp-block-column-is-layout-flow">
<p>Orange Monochrome, EPW:O, 1997<br>Lack auf Holz<br>280,1 x 9,6 cm<br>Privatsammlung</p>
</div>
</div>

<p>Der 2020 im Alter von 70 Jahren in Melbourne verstorbene Künstler John Nixon war wahrscheinlich der bekannteste und profilierteste Vertreter der Konkreten Kunst in Australien. Seit den späten 1960er Jahren&#8230; </p>
<div class="link-more"><a href="https://www.skk-soest.de/en/westfarbe-vi/westfarbe-vi-john-nixon/">Read More</a></div>
