{"id":1668,"date":"2018-03-06T15:43:28","date_gmt":"2018-03-06T14:43:28","guid":{"rendered":"http:\/\/www.skk-soest.de\/?post_type=tribe_events&#038;p=1668"},"modified":"2024-01-17T14:33:25","modified_gmt":"2024-01-17T13:33:25","slug":"aktion-kunstflur-mit-christoph-assmann","status":"publish","type":"tribe_events","link":"https:\/\/www.skk-soest.de\/en\/veranstaltung\/aktion-kunstflur-mit-christoph-assmann\/","title":{"rendered":"Aktion KunstFlur mit Christoph A\u00dfmann"},"content":{"rendered":"<p><span class=\"_4n-j _fbReactionComponent__eventDetailsContentTags fsl\" data-testid=\"event-permalink-details\">Am Samstag dem 14. April findet am und im Museum Wilhelm Morgner die Aktion KunstFlur, eigens vom Museumsp\u00e4dagogen Christoph A\u00dfmann entwickelt, mit dem Sammler Carl-J\u00fcrgen Schroth, der Rede und Antwort zur Ausstellung <strong>Brent Birnbaum &#8211; That&#8217;s what (s)he said.<\/strong> gibt, statt.<br \/>\n<\/span><\/p>\n<p><span class=\"_4n-j _fbReactionComponent__eventDetailsContentTags fsl\" data-testid=\"event-permalink-details\">Durch die Verwendung gebrauchter Gegenst\u00e4nde vermittelt der US-Konzept- und Aktionsk\u00fcnstler Brent Birnbaum emotionale Aussagen \u00fcber deren urspr\u00fcngliche profane Bestimmung hinaus. Die Ausstellung beinhaltet eine \u00fcber 9 Meter lange farbige Installation aus gebrauchten Tischplatten und Regalbrettern der IKEA-Serie LACK. Die darauf zu findenden Gebrauchsspuren weisen auf ihre Nutzung hin, beinhalten durch ihre Entsorgung \u00fcber eBay und \u00e4hnliche Portale in New York aber auch die Aussage, dass der Anbieter, z.B. nach Beginn seiner beruflichen Karriere, nun zu h\u00f6herwertigem Lebensstil finden kann und m\u00f6chte. Die Lichtinstallatio<span class=\"text_exposed_show\">n That&#8217;s what (s)he said. findet ihren Ursprung in der Amerikanischen Pop-Musik, steht in dieser Ausstellung im Kontext zu der Installation LACK. Als weitere typische Arbeit beinhaltet die Ausstellung eine Installation aus gebrauchten und farbig bemalten, funktionsf\u00e4higen Laufb\u00e4ndern.<\/span><\/span><\/p>\n<p>Die Veranstaltung dauert ca. 2 Stunde. Eine Anmeldung ist nicht notwendig. Es handelt sich hierbei um eine Mitmachaktion.<\/p>\n<p><strong>Ausstellungszeitraum<\/strong><br \/>\n17. M\u00e4rz &#8211; 27. Mai 2018<\/p>\n<p><strong>Raum Schroth im Museum Wilhelm Morgner<\/strong><br \/>\nThom\u00e4stra\u00dfe 1, 59494 Soest<br \/>\n<a href=\"http:\/\/www.skk-soest.de\/anreise\/\" target=\"_blank\" rel=\"noopener\">Anreise<\/a><\/p>\n<p><strong>\u00d6ffnungszeiten<\/strong><br \/>\nDienstag \u2013 Freitag 14:00 \u2013 17:00 Uhr<br \/>\nSamstag + Sonntag 11:00 \u2013 17:00 Uhr<\/p>\n<p><img loading=\"lazy\" decoding=\"async\" class=\"alignnone wp-image-183\" src=\"http:\/\/www.skk-soest.de\/wp-content\/uploads\/Logo_Stiftung_KK_RGB-300x300.jpg\" alt=\"Logo_Stiftung_KK_RGB\" width=\"150\" height=\"150\" srcset=\"https:\/\/www.skk-soest.de\/wp-content\/uploads\/Logo_Stiftung_KK_RGB-300x300.jpg 300w, https:\/\/www.skk-soest.de\/wp-content\/uploads\/Logo_Stiftung_KK_RGB-180x180.jpg 180w, https:\/\/www.skk-soest.de\/wp-content\/uploads\/Logo_Stiftung_KK_RGB-100x100.jpg 100w, https:\/\/www.skk-soest.de\/wp-content\/uploads\/Logo_Stiftung_KK_RGB-250x250.jpg 250w, https:\/\/www.skk-soest.de\/wp-content\/uploads\/Logo_Stiftung_KK_RGB-150x150.jpg 150w, https:\/\/www.skk-soest.de\/wp-content\/uploads\/Logo_Stiftung_KK_RGB-768x768.jpg 768w, https:\/\/www.skk-soest.de\/wp-content\/uploads\/Logo_Stiftung_KK_RGB-1024x1024.jpg 1024w, https:\/\/www.skk-soest.de\/wp-content\/uploads\/Logo_Stiftung_KK_RGB-144x144.jpg 144w, https:\/\/www.skk-soest.de\/wp-content\/uploads\/Logo_Stiftung_KK_RGB.jpg 1772w\" sizes=\"auto, (max-width: 150px) 100vw, 150px\" \/> <img loading=\"lazy\" decoding=\"async\" class=\"alignnone wp-image-185\" src=\"http:\/\/www.skk-soest.de\/wp-content\/uploads\/Logo-Schroth_23-02-300x247.jpg\" alt=\"Logo-Schroth_23-02\" width=\"182\" height=\"150\" srcset=\"https:\/\/www.skk-soest.de\/wp-content\/uploads\/Logo-Schroth_23-02-300x247.jpg 300w, https:\/\/www.skk-soest.de\/wp-content\/uploads\/Logo-Schroth_23-02-250x206.jpg 250w, https:\/\/www.skk-soest.de\/wp-content\/uploads\/Logo-Schroth_23-02-768x633.jpg 768w, https:\/\/www.skk-soest.de\/wp-content\/uploads\/Logo-Schroth_23-02.jpg 887w\" sizes=\"auto, (max-width: 182px) 100vw, 182px\" \/><\/p>\n<p><a href=\"https:\/\/www.facebook.com\/events\/183231722288400\/\"><img loading=\"lazy\" decoding=\"async\" class=\"alignnone wp-image-204\" src=\"http:\/\/www.skk-soest.de\/wp-content\/uploads\/facebook_button.png\" alt=\"facebook_button\" width=\"50\" height=\"50\"><\/a><\/p>\n","protected":false},"excerpt":{"rendered":"<p>Am Samstag dem 14. April findet am und im Museum Wilhelm Morgner die Aktion KunstFlur, eigens vom Museumsp\u00e4dagogen Christoph A\u00dfmann entwickelt, mit dem Sammler Carl-J\u00fcrgen Schroth, der Rede und Antwort zur Ausstellung Brent Birnbaum &#8211; That&#8217;s what (s)he said. gibt, statt.<\/p>\n","protected":false},"author":1,"featured_media":1634,"template":"","meta":{"ngg_post_thumbnail":0,"_tribe_events_status":"","_tribe_events_status_reason":"","footnotes":""},"tags":[126,102,112],"tribe_events_cat":[77],"class_list":["post-1668","tribe_events","type-tribe_events","status-publish","has-post-thumbnail","hentry","tag-aktion","tag-fuehrung","tag-workshop","tribe_events_cat-veranstaltungen","cat_veranstaltungen"],"translation":{"provider":"WPGlobus","version":"3.0.2","language":"en","enabled_languages":["de","en"],"languages":{"de":{"title":true,"content":true,"excerpt":true},"en":{"title":false,"content":false,"excerpt":false}}},"_links":{"self":[{"href":"https:\/\/www.skk-soest.de\/en\/wp-json\/wp\/v2\/tribe_events\/1668","targetHints":{"allow":["GET"]}}],"collection":[{"href":"https:\/\/www.skk-soest.de\/en\/wp-json\/wp\/v2\/tribe_events"}],"about":[{"href":"https:\/\/www.skk-soest.de\/en\/wp-json\/wp\/v2\/types\/tribe_events"}],"author":[{"embeddable":true,"href":"https:\/\/www.skk-soest.de\/en\/wp-json\/wp\/v2\/users\/1"}],"version-history":[{"count":8,"href":"https:\/\/www.skk-soest.de\/en\/wp-json\/wp\/v2\/tribe_events\/1668\/revisions"}],"predecessor-version":[{"id":1706,"href":"https:\/\/www.skk-soest.de\/en\/wp-json\/wp\/v2\/tribe_events\/1668\/revisions\/1706"}],"wp:featuredmedia":[{"embeddable":true,"href":"https:\/\/www.skk-soest.de\/en\/wp-json\/wp\/v2\/media\/1634"}],"wp:attachment":[{"href":"https:\/\/www.skk-soest.de\/en\/wp-json\/wp\/v2\/media?parent=1668"}],"wp:term":[{"taxonomy":"post_tag","embeddable":true,"href":"https:\/\/www.skk-soest.de\/en\/wp-json\/wp\/v2\/tags?post=1668"},{"taxonomy":"tribe_events_cat","embeddable":true,"href":"https:\/\/www.skk-soest.de\/en\/wp-json\/wp\/v2\/tribe_events_cat?post=1668"}],"curies":[{"name":"wp","href":"https:\/\/api.w.org\/{rel}","templated":true}]}}

Aktion KunstFlur mit Christoph Aßmann

<p><span class="_4n-j _fbReactionComponent__eventDetailsContentTags fsl" data-testid="event-permalink-details">Am Samstag dem 14. April findet am und im Museum Wilhelm Morgner die Aktion KunstFlur, eigens vom Museumspädagogen Christoph Aßmann entwickelt, mit dem Sammler Carl-Jürgen Schroth, der Rede und Antwort zur Ausstellung <strong>Brent Birnbaum &#8211; That&#8217;s what (s)he said.</strong> gibt, statt.<br />
</span></p>
<p><span class="_4n-j _fbReactionComponent__eventDetailsContentTags fsl" data-testid="event-permalink-details">Durch die Verwendung gebrauchter Gegenstände vermittelt der US-Konzept- und Aktionskünstler Brent Birnbaum emotionale Aussagen über deren ursprüngliche profane Bestimmung hinaus. Die Ausstellung beinhaltet eine über 9 Meter lange farbige Installation aus gebrauchten Tischplatten und Regalbrettern der IKEA-Serie LACK. Die darauf zu findenden Gebrauchsspuren weisen auf ihre Nutzung hin, beinhalten durch ihre Entsorgung über eBay und ähnliche Portale in New York aber auch die Aussage, dass der Anbieter, z.B. nach Beginn seiner beruflichen Karriere, nun zu höherwertigem Lebensstil finden kann und möchte. Die Lichtinstallatio<span class="text_exposed_show">n That&#8217;s what (s)he said. findet ihren Ursprung in der Amerikanischen Pop-Musik, steht in dieser Ausstellung im Kontext zu der Installation LACK. Als weitere typische Arbeit beinhaltet die Ausstellung eine Installation aus gebrauchten und farbig bemalten, funktionsfähigen Laufbändern.</span></span></p>
<p>Die Veranstaltung dauert ca. 2 Stunde. Eine Anmeldung ist nicht notwendig. Es handelt sich hierbei um eine Mitmachaktion.</p>
<p><strong>Ausstellungszeitraum</strong><br />
17. März &#8211; 27. Mai 2018</p>
<p><strong>Raum Schroth im Museum Wilhelm Morgner</strong><br />
Thomästraße 1, 59494 Soest<br />
<a href="http://www.skk-soest.de/anreise/" target="_blank" rel="noopener">Anreise</a></p>
<p><strong>Öffnungszeiten</strong><br />
Dienstag – Freitag 14:00 – 17:00 Uhr<br />
Samstag + Sonntag 11:00 – 17:00 Uhr</p>
<p><img loading="lazy" decoding="async" class="alignnone wp-image-183" src="http://www.skk-soest.de/wp-content/uploads/Logo_Stiftung_KK_RGB-300x300.jpg" alt="Logo_Stiftung_KK_RGB" width="150" height="150" srcset="https://www.skk-soest.de/wp-content/uploads/Logo_Stiftung_KK_RGB-300x300.jpg 300w, https://www.skk-soest.de/wp-content/uploads/Logo_Stiftung_KK_RGB-180x180.jpg 180w, https://www.skk-soest.de/wp-content/uploads/Logo_Stiftung_KK_RGB-100x100.jpg 100w, https://www.skk-soest.de/wp-content/uploads/Logo_Stiftung_KK_RGB-250x250.jpg 250w, https://www.skk-soest.de/wp-content/uploads/Logo_Stiftung_KK_RGB-150x150.jpg 150w, https://www.skk-soest.de/wp-content/uploads/Logo_Stiftung_KK_RGB-768x768.jpg 768w, https://www.skk-soest.de/wp-content/uploads/Logo_Stiftung_KK_RGB-1024x1024.jpg 1024w, https://www.skk-soest.de/wp-content/uploads/Logo_Stiftung_KK_RGB-144x144.jpg 144w, https://www.skk-soest.de/wp-content/uploads/Logo_Stiftung_KK_RGB.jpg 1772w" sizes="auto, (max-width: 150px) 100vw, 150px" /> <img loading="lazy" decoding="async" class="alignnone wp-image-185" src="http://www.skk-soest.de/wp-content/uploads/Logo-Schroth_23-02-300x247.jpg" alt="Logo-Schroth_23-02" width="182" height="150" srcset="https://www.skk-soest.de/wp-content/uploads/Logo-Schroth_23-02-300x247.jpg 300w, https://www.skk-soest.de/wp-content/uploads/Logo-Schroth_23-02-250x206.jpg 250w, https://www.skk-soest.de/wp-content/uploads/Logo-Schroth_23-02-768x633.jpg 768w, https://www.skk-soest.de/wp-content/uploads/Logo-Schroth_23-02.jpg 887w" sizes="auto, (max-width: 182px) 100vw, 182px" /></p>
<p><a href="https://www.facebook.com/events/183231722288400/"><img loading="lazy" decoding="async" class="alignnone wp-image-204" src="http://www.skk-soest.de/wp-content/uploads/facebook_button.png" alt="facebook_button" width="50" height="50"></a></p>

<p>Am Samstag dem 14. April findet am und im Museum Wilhelm Morgner die Aktion KunstFlur, eigens vom Museumspädagogen Christoph Aßmann entwickelt, mit dem Sammler Carl-Jürgen Schroth, der Rede und Antwort zur Ausstellung Brent Birnbaum &#8211; That&#8217;s what (s)he said. gibt, statt.</p>
