{"id":2058,"date":"2018-10-02T23:59:40","date_gmt":"2018-10-02T21:59:40","guid":{"rendered":"http:\/\/www.skk-soest.de\/?post_type=tribe_events&#038;p=2058"},"modified":"2024-01-10T15:21:14","modified_gmt":"2024-01-10T14:21:14","slug":"fotoworkshop-mit-alexander-goder-douglas-allsop-differing-views","status":"publish","type":"tribe_events","link":"https:\/\/www.skk-soest.de\/en\/veranstaltung\/fotoworkshop-mit-alexander-goder-douglas-allsop-differing-views\/","title":{"rendered":"Fotoworkshop mit Alexander Goder | Douglas Allsop \u2013 differing views"},"content":{"rendered":"<p>Der RAUM SCHROTH \u00f6ffnet im Rahmen eines Fotoworkshops seine Pforten eigens f\u00fcr<br \/>\nFotografen mit digitalen und analogen Kameras. Vorab lernen Sie im Rahmen einer<br \/>\nKurzf\u00fchrung die Arbeiten Douglas Allsops in der Ausstellung kennen. Durch Fl\u00e4chenteilungen<br \/>\nund reflektierende Oberfl\u00e4chen stehen sie in lebendiger Korrespondenz mit dem<br \/>\nUmraum und dem Betrachter und sind Tr\u00e4ger sich stets ver\u00e4ndernder Bilder.&nbsp; Ein besonderer Schwerpunkt wird bei diesem Workshop, f\u00fcr den die Stiftung Konzeptuelle Kunst mit Alexander Goder einen wirklichen Experten gewinnen konnte, das Zusammenspiel der Arbeiten mit dem Raum sein (Spiegelungen, Reflexion, Raum, Struktur). Dieser Workshop ist nicht nur ein Highlite f\u00fcr Kunstliebhaber, sondern richtet sich auch an Fotografen, die&nbsp; Kenntnisse im beschriebenen Bereich erlangen oder vertiefen m\u00f6chten.<\/p>\n<p>Bannen Sie Ihre Ansichten auf den Diafilm oder die Speicherkarte! Zur Finissage von<br \/>\n\u201ediffering views\u201c am 13. Januar 2019 haben Sie die Gelegenheit, Ihre Bilder im DIN<br \/>\nA3 Format gedruckt auszustellen. Wir freuen uns auf viele verschiedene Eindr\u00fccke und<br \/>\nAnsichten!<\/p>\n<p>Der Workshop wird 3 Stunde dauern. Aufgrund der begrenzten Teilnehmerzahl bitten wir um verbindliche Anmeldung per eMail an rsvp@skk-soest.de oder unter der Telefonnummer 02921 14177 gebeten. Die Kosten f\u00fcr den Workshop betragen \u20ac 12,- inkl. Museumseintritt.<\/p>\n<p><strong>Ausstellungszeitraum<\/strong><br \/>\n20. Oktober 2018 \u2013 13. Januar 2019<\/p>\n<p><strong>Raum Schroth im Museum Wilhelm Morgner<\/strong><br \/>\nThom\u00e4stra\u00dfe 1, 59494 Soest<br \/>\n<a href=\"http:\/\/www.skk-soest.de\/anreise\/\" target=\"_blank\" rel=\"noopener\">Anreise<\/a><\/p>\n<p><strong>\u00d6ffnungszeiten<\/strong><br \/>\nDienstag \u2013 Freitag 14:00 \u2013 17:00 Uhr<br \/>\nSamstag + Sonntag 11:00 \u2013 17:00 Uhr<\/p>\n","protected":false},"excerpt":{"rendered":"<p>Der RAUM SCHROTH \u00f6ffnet im Rahmen eines Fotoworkshops seine Pforten eigens f\u00fcr Fotografen mit digitalen und analogen Kameras. Vorab lernen Sie im Rahmen einer Kurzf\u00fchrung die Arbeiten Douglas Allsops in&#8230; <\/p>\n<div class=\"link-more\"><a href=\"https:\/\/www.skk-soest.de\/en\/veranstaltung\/fotoworkshop-mit-alexander-goder-douglas-allsop-differing-views\/\">Read More<\/a><\/div>\n","protected":false},"author":3,"featured_media":2033,"template":"","meta":{"ngg_post_thumbnail":0,"_tribe_events_status":"","_tribe_events_status_reason":"","footnotes":""},"tags":[102,112],"tribe_events_cat":[14],"class_list":["post-2058","tribe_events","type-tribe_events","status-publish","has-post-thumbnail","hentry","tag-fuehrung","tag-workshop","tribe_events_cat-stiftung-konzeptuelle-kunst","cat_stiftung-konzeptuelle-kunst"],"translation":{"provider":"WPGlobus","version":"3.0.2","language":"en","enabled_languages":["de","en"],"languages":{"de":{"title":true,"content":true,"excerpt":false},"en":{"title":false,"content":false,"excerpt":false}}},"_links":{"self":[{"href":"https:\/\/www.skk-soest.de\/en\/wp-json\/wp\/v2\/tribe_events\/2058","targetHints":{"allow":["GET"]}}],"collection":[{"href":"https:\/\/www.skk-soest.de\/en\/wp-json\/wp\/v2\/tribe_events"}],"about":[{"href":"https:\/\/www.skk-soest.de\/en\/wp-json\/wp\/v2\/types\/tribe_events"}],"author":[{"embeddable":true,"href":"https:\/\/www.skk-soest.de\/en\/wp-json\/wp\/v2\/users\/3"}],"version-history":[{"count":2,"href":"https:\/\/www.skk-soest.de\/en\/wp-json\/wp\/v2\/tribe_events\/2058\/revisions"}],"predecessor-version":[{"id":4976,"href":"https:\/\/www.skk-soest.de\/en\/wp-json\/wp\/v2\/tribe_events\/2058\/revisions\/4976"}],"wp:featuredmedia":[{"embeddable":true,"href":"https:\/\/www.skk-soest.de\/en\/wp-json\/wp\/v2\/media\/2033"}],"wp:attachment":[{"href":"https:\/\/www.skk-soest.de\/en\/wp-json\/wp\/v2\/media?parent=2058"}],"wp:term":[{"taxonomy":"post_tag","embeddable":true,"href":"https:\/\/www.skk-soest.de\/en\/wp-json\/wp\/v2\/tags?post=2058"},{"taxonomy":"tribe_events_cat","embeddable":true,"href":"https:\/\/www.skk-soest.de\/en\/wp-json\/wp\/v2\/tribe_events_cat?post=2058"}],"curies":[{"name":"wp","href":"https:\/\/api.w.org\/{rel}","templated":true}]}}

<p>Der RAUM SCHROTH öffnet im Rahmen eines Fotoworkshops seine Pforten eigens für<br />
Fotografen mit digitalen und analogen Kameras. Vorab lernen Sie im Rahmen einer<br />
Kurzführung die Arbeiten Douglas Allsops in der Ausstellung kennen. Durch Flächenteilungen<br />
und reflektierende Oberflächen stehen sie in lebendiger Korrespondenz mit dem<br />
Umraum und dem Betrachter und sind Träger sich stets verändernder Bilder.&nbsp; Ein besonderer Schwerpunkt wird bei diesem Workshop, für den die Stiftung Konzeptuelle Kunst mit Alexander Goder einen wirklichen Experten gewinnen konnte, das Zusammenspiel der Arbeiten mit dem Raum sein (Spiegelungen, Reflexion, Raum, Struktur). Dieser Workshop ist nicht nur ein Highlite für Kunstliebhaber, sondern richtet sich auch an Fotografen, die&nbsp; Kenntnisse im beschriebenen Bereich erlangen oder vertiefen möchten.</p>
<p>Bannen Sie Ihre Ansichten auf den Diafilm oder die Speicherkarte! Zur Finissage von<br />
„differing views“ am 13. Januar 2019 haben Sie die Gelegenheit, Ihre Bilder im DIN<br />
A3 Format gedruckt auszustellen. Wir freuen uns auf viele verschiedene Eindrücke und<br />
Ansichten!</p>
<p>Der Workshop wird 3 Stunde dauern. Aufgrund der begrenzten Teilnehmerzahl bitten wir um verbindliche Anmeldung per eMail an rsvp@skk-soest.de oder unter der Telefonnummer 02921 14177 gebeten. Die Kosten für den Workshop betragen € 12,- inkl. Museumseintritt.</p>
<p><strong>Ausstellungszeitraum</strong><br />
20. Oktober 2018 – 13. Januar 2019</p>
<p><strong>Raum Schroth im Museum Wilhelm Morgner</strong><br />
Thomästraße 1, 59494 Soest<br />
<a href="http://www.skk-soest.de/anreise/" target="_blank" rel="noopener">Anreise</a></p>
<p><strong>Öffnungszeiten</strong><br />
Dienstag – Freitag 14:00 – 17:00 Uhr<br />
Samstag + Sonntag 11:00 – 17:00 Uhr</p>

<p>Der RAUM SCHROTH öffnet im Rahmen eines Fotoworkshops seine Pforten eigens für Fotografen mit digitalen und analogen Kameras. Vorab lernen Sie im Rahmen einer Kurzführung die Arbeiten Douglas Allsops in&#8230; </p>
<div class="link-more"><a href="https://www.skk-soest.de/en/veranstaltung/fotoworkshop-mit-alexander-goder-douglas-allsop-differing-views/">Read More</a></div>
