{"id":3991,"date":"2023-01-23T12:46:10","date_gmt":"2023-01-23T11:46:10","guid":{"rendered":"https:\/\/www.skk-soest.de\/?post_type=tribe_events&#038;p=3991"},"modified":"2024-01-17T14:50:51","modified_gmt":"2024-01-17T13:50:51","slug":"kultur-kontakt-konkret-sammlung-schroth-zu-gast-in-veszprem-europaeische-kulturhauptstadt-2023","status":"publish","type":"tribe_events","link":"https:\/\/www.skk-soest.de\/en\/veranstaltung\/kultur-kontakt-konkret-sammlung-schroth-zu-gast-in-veszprem-europaeische-kulturhauptstadt-2023\/","title":{"rendered":"Kultur.Kontakt.Konkret &#8211;\u00a0Exhibition of the Schroth Collection at Veszpr\u00e9m,\u00a0European Capital of Culture 2023"},"content":{"rendered":"<p style=\"font-weight: 400;\">Kultur.Kontakt.Konkret &#8211;&nbsp;Exhibition of the Schroth Collection at Veszpr\u00e9m,&nbsp;European Capital of Culture 2023<\/p>\n<p style=\"font-weight: 400;\">20 January until 2 April 2023. <a href=\"https:\/\/www.muveszetekhaza.hu\/en\/exhibitions\/dubniczay-palace\">M\u0171v\u00e9szetek H\u00e1za \/ House of Arts, Veszpr\u00e9m; &nbsp;Dubniczay-Palota \/ Dubniczay Palace<\/a><\/p>\n<p>Chul Hyun Ahn | Douglas Allsop | Antje Blumenstein | Hartmut B\u00f6hm | Hellmut Bruch | Christoph Dahlhausen | &nbsp;Spencer Finch | Andr\u00e1s G\u00e1l | Frank Gerritz | James Howell | IEPE | Callum Innes | Jo Kuhn | Markus Leitsch | Fran\u00e7ois Morellet | Blinky Palermo | Anton Quiring | Winston Roeth | Klaus J. Schoen | Heiner Thiel | G\u00fcnther Uecker | Ignacio Uriarte | Victor Vasarely | Pieter Vermeersch | Ulrich Wellmann | Martin Willing | Joan Witek<\/p>\n<p>With an exhibition of carefully selected works from the SCHROTH COLLECTION, the Stiftung Konzeptuelle Kunst (Conceptual Art Foundation) is part of the <a href=\"https:\/\/veszprembalaton2023.hu\">programme of the European Capital of Culture Veszpr\u00e9m-Balaton 2023<\/a>.&nbsp;<br \/>\nIn addition to paintings, embossed prints, kinetic sculptures, light art, site-specific installations, murals and much more, an outstanding ensemble from the Schroth Collection, &#8220;<a href=\"https:\/\/century.drj-art-projects.com\/alle-arbeiten\/\">CENTURY. idee bauhaus<\/a>&#8220;, is on display on the second floor of the museum. The project, comprising 100 individual contemporary works, was initiated by Matthias Seidel and Christiane Bail, drj art projects, and curated together with Simone Schimpf, Sibylle Hoiman, Frederik Schikowski and Frank F. Drewes.&nbsp;<br \/>\nCarl-J\u00fcrgen Schroth &#8211; collector, founder, benefactor and chairman of the Stiftung Konzeptuelle Kunst &#8211; took Veszpr\u00e9m&#8217;s selection as European Capital of Culture as an opportunity to propose an exhibition cooperation with the related collection of L\u00e1szl\u00f3 Vass, who runs a private museum in Veszpr\u00e9m. The idea was received enthusiastically and refined in close cooperation. Thus, this German-Hungarian cooperation now provides for a genuine exchange of collections for a limited period of time: While works from the Schroth Collection are on display at Veszpr\u00e9m from 20 January to 2 April 2023, in return works from the Hungarian Vass Collection will be on display at the Museum Wilhelm Morgner with RAUM SCHROTH in Soest from 26 March to 11 June 2023.&nbsp;<\/p>\n","protected":false},"excerpt":{"rendered":"<p>Kultur.Kontakt.Konkret &#8211;&nbsp;Exhibition of the Schroth Collection at Veszpr\u00e9m,&nbsp;European Capital of Culture 2023 20 January until 2 April 2023. M\u0171v\u00e9szetek H\u00e1za \/ House of Arts, Veszpr\u00e9m; &nbsp;Dubniczay-Palota \/ Dubniczay Palace Chul&#8230; <\/p>\n<div class=\"link-more\"><a href=\"https:\/\/www.skk-soest.de\/en\/veranstaltung\/kultur-kontakt-konkret-sammlung-schroth-zu-gast-in-veszprem-europaeische-kulturhauptstadt-2023\/\">Read More<\/a><\/div>\n","protected":false},"author":8,"featured_media":3995,"template":"","meta":{"ngg_post_thumbnail":0,"_tribe_events_status":"","_tribe_events_status_reason":"","footnotes":""},"tags":[93,88,89,85,81,84,87,129],"tribe_events_cat":[16,14],"class_list":["post-3991","tribe_events","type-tribe_events","status-publish","has-post-thumbnail","hentry","tag-kunst","tag-museumwilhelmmorgner","tag-mwm","tag-raumschroth","tag-schroth","tag-skksoest","tag-soest","tag-stiftung-konzeptuelle-kunst","tribe_events_cat-ausstellungen","tribe_events_cat-stiftung-konzeptuelle-kunst","cat_ausstellungen","cat_stiftung-konzeptuelle-kunst"],"translation":{"provider":"WPGlobus","version":"3.0.2","language":"en","enabled_languages":["de","en"],"languages":{"de":{"title":true,"content":true,"excerpt":false},"en":{"title":true,"content":true,"excerpt":false}}},"_links":{"self":[{"href":"https:\/\/www.skk-soest.de\/en\/wp-json\/wp\/v2\/tribe_events\/3991","targetHints":{"allow":["GET"]}}],"collection":[{"href":"https:\/\/www.skk-soest.de\/en\/wp-json\/wp\/v2\/tribe_events"}],"about":[{"href":"https:\/\/www.skk-soest.de\/en\/wp-json\/wp\/v2\/types\/tribe_events"}],"author":[{"embeddable":true,"href":"https:\/\/www.skk-soest.de\/en\/wp-json\/wp\/v2\/users\/8"}],"version-history":[{"count":10,"href":"https:\/\/www.skk-soest.de\/en\/wp-json\/wp\/v2\/tribe_events\/3991\/revisions"}],"predecessor-version":[{"id":5222,"href":"https:\/\/www.skk-soest.de\/en\/wp-json\/wp\/v2\/tribe_events\/3991\/revisions\/5222"}],"wp:featuredmedia":[{"embeddable":true,"href":"https:\/\/www.skk-soest.de\/en\/wp-json\/wp\/v2\/media\/3995"}],"wp:attachment":[{"href":"https:\/\/www.skk-soest.de\/en\/wp-json\/wp\/v2\/media?parent=3991"}],"wp:term":[{"taxonomy":"post_tag","embeddable":true,"href":"https:\/\/www.skk-soest.de\/en\/wp-json\/wp\/v2\/tags?post=3991"},{"taxonomy":"tribe_events_cat","embeddable":true,"href":"https:\/\/www.skk-soest.de\/en\/wp-json\/wp\/v2\/tribe_events_cat?post=3991"}],"curies":[{"name":"wp","href":"https:\/\/api.w.org\/{rel}","templated":true}]}}

Kultur.Kontakt.Konkret &#8211; Exhibition of the Schroth Collection at Veszprém, European Capital of Culture 2023

<p style="font-weight: 400;">Kultur.Kontakt.Konkret &#8211;&nbsp;Exhibition of the Schroth Collection at Veszprém,&nbsp;European Capital of Culture 2023</p>
<p style="font-weight: 400;">20 January until 2 April 2023. <a href="https://www.muveszetekhaza.hu/en/exhibitions/dubniczay-palace">Művészetek Háza / House of Arts, Veszprém; &nbsp;Dubniczay-Palota / Dubniczay Palace</a></p>
<p>Chul Hyun Ahn | Douglas Allsop | Antje Blumenstein | Hartmut Böhm | Hellmut Bruch | Christoph Dahlhausen | &nbsp;Spencer Finch | András Gál | Frank Gerritz | James Howell | IEPE | Callum Innes | Jo Kuhn | Markus Leitsch | François Morellet | Blinky Palermo | Anton Quiring | Winston Roeth | Klaus J. Schoen | Heiner Thiel | Günther Uecker | Ignacio Uriarte | Victor Vasarely | Pieter Vermeersch | Ulrich Wellmann | Martin Willing | Joan Witek</p>
<p>With an exhibition of carefully selected works from the SCHROTH COLLECTION, the Stiftung Konzeptuelle Kunst (Conceptual Art Foundation) is part of the <a href="https://veszprembalaton2023.hu">programme of the European Capital of Culture Veszprém-Balaton 2023</a>.&nbsp;<br />
In addition to paintings, embossed prints, kinetic sculptures, light art, site-specific installations, murals and much more, an outstanding ensemble from the Schroth Collection, &#8220;<a href="https://century.drj-art-projects.com/alle-arbeiten/">CENTURY. idee bauhaus</a>&#8220;, is on display on the second floor of the museum. The project, comprising 100 individual contemporary works, was initiated by Matthias Seidel and Christiane Bail, drj art projects, and curated together with Simone Schimpf, Sibylle Hoiman, Frederik Schikowski and Frank F. Drewes.&nbsp;<br />
Carl-Jürgen Schroth &#8211; collector, founder, benefactor and chairman of the Stiftung Konzeptuelle Kunst &#8211; took Veszprém&#8217;s selection as European Capital of Culture as an opportunity to propose an exhibition cooperation with the related collection of László Vass, who runs a private museum in Veszprém. The idea was received enthusiastically and refined in close cooperation. Thus, this German-Hungarian cooperation now provides for a genuine exchange of collections for a limited period of time: While works from the Schroth Collection are on display at Veszprém from 20 January to 2 April 2023, in return works from the Hungarian Vass Collection will be on display at the Museum Wilhelm Morgner with RAUM SCHROTH in Soest from 26 March to 11 June 2023.&nbsp;</p>

<p>Kultur.Kontakt.Konkret &#8211;&nbsp;Exhibition of the Schroth Collection at Veszprém,&nbsp;European Capital of Culture 2023 20 January until 2 April 2023. Művészetek Háza / House of Arts, Veszprém; &nbsp;Dubniczay-Palota / Dubniczay Palace Chul&#8230; </p>
<div class="link-more"><a href="https://www.skk-soest.de/en/veranstaltung/kultur-kontakt-konkret-sammlung-schroth-zu-gast-in-veszprem-europaeische-kulturhauptstadt-2023/">Read More</a></div>
