{"id":62530,"date":"2026-04-27T23:34:09","date_gmt":"2026-04-27T21:34:09","guid":{"rendered":"https:\/\/www.skk-soest.de\/?post_type=tribe_events&#038;p=62530"},"modified":"2026-04-27T23:34:09","modified_gmt":"2026-04-27T21:34:09","slug":"fuhrung-mit-dem-kunstler-durch-dichtung-in-arbeit","status":"publish","type":"tribe_events","link":"https:\/\/www.skk-soest.de\/en\/veranstaltung\/fuhrung-mit-dem-kunstler-durch-dichtung-in-arbeit\/","title":{"rendered":"F\u00fchrung mit dem K\u00fcnstler durch &#8220;Dichtung. In Arbeit&#8221;"},"content":{"rendered":"<p><strong>K\u00fcnstlerf\u00fchrung durch die Ausstellung<\/strong><br \/>\n<span style=\"font-size: 1.8rem;\"><a href=\"https:\/\/www.skk-soest.de\/veranstaltung\/ignacio-uriarte-ausstellung\/\">Dichtung. In Arbeit<\/a> <\/span><br \/>\nIGNACIO URIARTE<\/p>\n<p style=\"font-weight: 400;\"><span style=\"font-size: 1.8rem;\">Nutzen Sie die besondere Gelegenheit am ersten Tag unserer neuen Ausstellung &#8211; Sonntag, 10. Mai, 11 Uhr &#8211; und erfahren Sie Hintergr\u00fcnde zu den Werken im Rahmen einer F\u00fchrung durch den K\u00fcnstler Ignacio Uriarte selbst!<\/span><\/p>\n<p>Die Teilnahmegeb\u00fchr betr\u00e4gt ab 18 Jahren 5,- \u20ac zzgl. Museumseintritt.&nbsp;&nbsp;<\/p>\n<p><strong>Ausstellungszeitraum&nbsp;<\/strong><br \/>\n10. Mai \u2013 13. September 2026<\/p>\n<p><strong>Museum Wilhelm Morgner mit RAUM SCHROTH<\/strong><br \/>\nThom\u00e4stra\u00dfe 1, 59494 Soest<br \/>\n<a href=\"http:\/\/www.skk-soest.de\/anreise\/\">Anreise | \u00d6ffnungszeiten | Eintritt<\/a><\/p>\n<p><img loading=\"lazy\" decoding=\"async\" class=\"alignnone wp-image-183\" src=\"http:\/\/www.skk-soest.de\/wp-content\/uploads\/Logo_Stiftung_KK_RGB-300x300.jpg\" alt=\"Logo_Stiftung_KK_RGB\" width=\"150\" height=\"150\" srcset=\"https:\/\/www.skk-soest.de\/wp-content\/uploads\/Logo_Stiftung_KK_RGB-300x300.jpg 300w, https:\/\/www.skk-soest.de\/wp-content\/uploads\/Logo_Stiftung_KK_RGB-180x180.jpg 180w, https:\/\/www.skk-soest.de\/wp-content\/uploads\/Logo_Stiftung_KK_RGB-100x100.jpg 100w, https:\/\/www.skk-soest.de\/wp-content\/uploads\/Logo_Stiftung_KK_RGB-250x250.jpg 250w, https:\/\/www.skk-soest.de\/wp-content\/uploads\/Logo_Stiftung_KK_RGB-150x150.jpg 150w, https:\/\/www.skk-soest.de\/wp-content\/uploads\/Logo_Stiftung_KK_RGB-768x768.jpg 768w, https:\/\/www.skk-soest.de\/wp-content\/uploads\/Logo_Stiftung_KK_RGB-1024x1024.jpg 1024w, https:\/\/www.skk-soest.de\/wp-content\/uploads\/Logo_Stiftung_KK_RGB-144x144.jpg 144w, https:\/\/www.skk-soest.de\/wp-content\/uploads\/Logo_Stiftung_KK_RGB.jpg 1772w\" sizes=\"auto, (max-width: 150px) 100vw, 150px\" \/> <img loading=\"lazy\" decoding=\"async\" class=\"alignnone wp-image-185\" src=\"http:\/\/www.skk-soest.de\/wp-content\/uploads\/Logo-Schroth_23-02-300x247.jpg\" alt=\"Logo-Schroth_23-02\" width=\"182\" height=\"150\" srcset=\"https:\/\/www.skk-soest.de\/wp-content\/uploads\/Logo-Schroth_23-02-300x247.jpg 300w, https:\/\/www.skk-soest.de\/wp-content\/uploads\/Logo-Schroth_23-02-250x206.jpg 250w, https:\/\/www.skk-soest.de\/wp-content\/uploads\/Logo-Schroth_23-02-768x633.jpg 768w, https:\/\/www.skk-soest.de\/wp-content\/uploads\/Logo-Schroth_23-02.jpg 887w\" sizes=\"auto, (max-width: 182px) 100vw, 182px\" \/>&nbsp;<\/p>\n<p>Abb.:&nbsp;&nbsp;Ignacio Uriarte, Triangular Circle Suite, 2021, Schreibmaschinenzeichnung auf Papier (Detail), \u00a9 Ignacio Uriarte, VG BILD-KUNST Bonn, 2026, PhC Simon Vogel<\/p>\n","protected":false},"excerpt":{"rendered":"<p>K\u00fcnstlerf\u00fchrung durch die Ausstellung Dichtung. In Arbeit IGNACIO URIARTE Nutzen Sie die besondere Gelegenheit am ersten Tag unserer neuen Ausstellung &#8211; Sonntag, 10. Mai, 11 Uhr &#8211; und erfahren Sie&#8230; <\/p>\n<div class=\"link-more\"><a href=\"https:\/\/www.skk-soest.de\/en\/veranstaltung\/fuhrung-mit-dem-kunstler-durch-dichtung-in-arbeit\/\">Read More<\/a><\/div>\n","protected":false},"author":8,"featured_media":41219,"template":"","meta":{"ngg_post_thumbnail":0,"_tribe_events_status":"","_tribe_events_status_reason":"","footnotes":""},"tags":[],"tribe_events_cat":[16,14,77],"class_list":["post-62530","tribe_events","type-tribe_events","status-publish","has-post-thumbnail","hentry","tribe_events_cat-ausstellungen","tribe_events_cat-stiftung-konzeptuelle-kunst","tribe_events_cat-veranstaltungen","cat_ausstellungen","cat_stiftung-konzeptuelle-kunst","cat_veranstaltungen"],"translation":{"provider":"WPGlobus","version":"3.0.2","language":"en","enabled_languages":["de","en"],"languages":{"de":{"title":true,"content":true,"excerpt":false},"en":{"title":false,"content":false,"excerpt":false}}},"_links":{"self":[{"href":"https:\/\/www.skk-soest.de\/en\/wp-json\/wp\/v2\/tribe_events\/62530","targetHints":{"allow":["GET"]}}],"collection":[{"href":"https:\/\/www.skk-soest.de\/en\/wp-json\/wp\/v2\/tribe_events"}],"about":[{"href":"https:\/\/www.skk-soest.de\/en\/wp-json\/wp\/v2\/types\/tribe_events"}],"author":[{"embeddable":true,"href":"https:\/\/www.skk-soest.de\/en\/wp-json\/wp\/v2\/users\/8"}],"version-history":[{"count":2,"href":"https:\/\/www.skk-soest.de\/en\/wp-json\/wp\/v2\/tribe_events\/62530\/revisions"}],"predecessor-version":[{"id":62532,"href":"https:\/\/www.skk-soest.de\/en\/wp-json\/wp\/v2\/tribe_events\/62530\/revisions\/62532"}],"wp:featuredmedia":[{"embeddable":true,"href":"https:\/\/www.skk-soest.de\/en\/wp-json\/wp\/v2\/media\/41219"}],"wp:attachment":[{"href":"https:\/\/www.skk-soest.de\/en\/wp-json\/wp\/v2\/media?parent=62530"}],"wp:term":[{"taxonomy":"post_tag","embeddable":true,"href":"https:\/\/www.skk-soest.de\/en\/wp-json\/wp\/v2\/tags?post=62530"},{"taxonomy":"tribe_events_cat","embeddable":true,"href":"https:\/\/www.skk-soest.de\/en\/wp-json\/wp\/v2\/tribe_events_cat?post=62530"}],"curies":[{"name":"wp","href":"https:\/\/api.w.org\/{rel}","templated":true}]}}

Führung mit dem Künstler durch &#8220;Dichtung. In Arbeit&#8221;

<p><strong>Künstlerführung durch die Ausstellung</strong><br />
<span style="font-size: 1.8rem;"><a href="https://www.skk-soest.de/veranstaltung/ignacio-uriarte-ausstellung/">Dichtung. In Arbeit</a> </span><br />
IGNACIO URIARTE</p>
<p style="font-weight: 400;"><span style="font-size: 1.8rem;">Nutzen Sie die besondere Gelegenheit am ersten Tag unserer neuen Ausstellung &#8211; Sonntag, 10. Mai, 11 Uhr &#8211; und erfahren Sie Hintergründe zu den Werken im Rahmen einer Führung durch den Künstler Ignacio Uriarte selbst!</span></p>
<p>Die Teilnahmegebühr beträgt ab 18 Jahren 5,- € zzgl. Museumseintritt.&nbsp;&nbsp;</p>
<p><strong>Ausstellungszeitraum&nbsp;</strong><br />
10. Mai – 13. September 2026</p>
<p><strong>Museum Wilhelm Morgner mit RAUM SCHROTH</strong><br />
Thomästraße 1, 59494 Soest<br />
<a href="http://www.skk-soest.de/anreise/">Anreise | Öffnungszeiten | Eintritt</a></p>
<p><img loading="lazy" decoding="async" class="alignnone wp-image-183" src="http://www.skk-soest.de/wp-content/uploads/Logo_Stiftung_KK_RGB-300x300.jpg" alt="Logo_Stiftung_KK_RGB" width="150" height="150" srcset="https://www.skk-soest.de/wp-content/uploads/Logo_Stiftung_KK_RGB-300x300.jpg 300w, https://www.skk-soest.de/wp-content/uploads/Logo_Stiftung_KK_RGB-180x180.jpg 180w, https://www.skk-soest.de/wp-content/uploads/Logo_Stiftung_KK_RGB-100x100.jpg 100w, https://www.skk-soest.de/wp-content/uploads/Logo_Stiftung_KK_RGB-250x250.jpg 250w, https://www.skk-soest.de/wp-content/uploads/Logo_Stiftung_KK_RGB-150x150.jpg 150w, https://www.skk-soest.de/wp-content/uploads/Logo_Stiftung_KK_RGB-768x768.jpg 768w, https://www.skk-soest.de/wp-content/uploads/Logo_Stiftung_KK_RGB-1024x1024.jpg 1024w, https://www.skk-soest.de/wp-content/uploads/Logo_Stiftung_KK_RGB-144x144.jpg 144w, https://www.skk-soest.de/wp-content/uploads/Logo_Stiftung_KK_RGB.jpg 1772w" sizes="auto, (max-width: 150px) 100vw, 150px" /> <img loading="lazy" decoding="async" class="alignnone wp-image-185" src="http://www.skk-soest.de/wp-content/uploads/Logo-Schroth_23-02-300x247.jpg" alt="Logo-Schroth_23-02" width="182" height="150" srcset="https://www.skk-soest.de/wp-content/uploads/Logo-Schroth_23-02-300x247.jpg 300w, https://www.skk-soest.de/wp-content/uploads/Logo-Schroth_23-02-250x206.jpg 250w, https://www.skk-soest.de/wp-content/uploads/Logo-Schroth_23-02-768x633.jpg 768w, https://www.skk-soest.de/wp-content/uploads/Logo-Schroth_23-02.jpg 887w" sizes="auto, (max-width: 182px) 100vw, 182px" />&nbsp;</p>
<p>Abb.:&nbsp;&nbsp;Ignacio Uriarte, Triangular Circle Suite, 2021, Schreibmaschinenzeichnung auf Papier (Detail), © Ignacio Uriarte, VG BILD-KUNST Bonn, 2026, PhC Simon Vogel</p>

<p>Künstlerführung durch die Ausstellung Dichtung. In Arbeit IGNACIO URIARTE Nutzen Sie die besondere Gelegenheit am ersten Tag unserer neuen Ausstellung &#8211; Sonntag, 10. Mai, 11 Uhr &#8211; und erfahren Sie&#8230; </p>
<div class="link-more"><a href="https://www.skk-soest.de/en/veranstaltung/fuhrung-mit-dem-kunstler-durch-dichtung-in-arbeit/">Read More</a></div>
